ate m(2).
11
Let c(w) = 3*w**3 + 415*w**2 + 1434*w + 11347. What is c(-135)?
7
Let s(m) = m**2 - 19*m - 2873. Calculate s(-45).
7
Let f(h) = -34*h - 3653. Determine f(-107).
-15
Let c(g) = -2484*g - 46406. What is c(-19)?
790
Let g(x) = -54921*x + 54906. Give g(1).
-15
Let z(n) = 153*n - 18775. Determine z(119).
-568
Let i(g) = -9452*g - 1030256. Give i(-109).
12
Let k(b) = -b**3 - 64*b**2 - 15514*b - 973420. Determine k(-63).
-7
Let l(m) = m**3 + 1757*m**2 - 8800*m - 12. Give l(5).
38
Let i(l) = 6*l**2 + 621*l - 13130. Determine i(18).
-8
Let c(p) = p**3 + 36*p + 484. What is c(0)?
484
Let p(a) = -3*a**2 + 4916*a - 1927897. What is p(650)?
3
Let c(q) = q**2 - 139*q + 3465. Give c(105).
-105
Let x(f) = -32*f**3 + 166*f**2 - 37*f + 6. Calculate x(5).
-29
Let s(c) = -3*c**2 + 19834*c + 338044. Determine s(-17).
-1
Let l(m) = m**2 + 1457*m - 1529945. Determine l(707).
3
Let j(d) = -42*d + 5757. Calculate j(139).
-81
Let v(m) = -m**2 - 109*m + 47433. Determine v(172).
-899
Let q(d) = -d**2 + 2501*d + 174698. What is q(-68)?
6
Let o(x) = -4336*x + 489946. Give o(113).
-22
Let f(p) = -4*p**3 - 23*p**2 - 15*p - 177. Calculate f(-7).
173
Let n(q) = 156*q - 3193. Determine n(22).
239
Let p(u) = u**3 + 2513*u**2 + 194653*u + 1035. Determine p(-80).
-5
Let v(r) = 5*r**2 + 5222*r + 5223. Give v(-1).
6
Let f(z) = -z**3 + 17*z**2 + 59*z + 114. What is f(20)?
94
Let i(k) = -23758*k - 3207356. Give i(-135).
-26
Let a(d) = -1092*d - 3728. Give a(-4).
640
Let q(r) = r**3 + 353*r**2 - 1047*r + 7475. Calculate q(-356).
-1
Let u(l) = 190*l**2 - 2471*l + 18. Calculate u(13).
5
Let a(h) = -10151*h + 20279. Calculate a(2).
-23
Let f(j) = 26*j**3 + 367*j**2 - 45*j - 1218. Calculate f(-14).
0
Let o(t) = -126*t - 11523. Determine o(-90).
-183
Let l(h) = -5*h**2 - 124*h + 1194. What is l(10)?
-546
Let c(k) = -4*k**2 - 460*k + 5539. Determine c(-126).
-5
Let k(r) = -r**2 + 63*r + 47059. Calculate k(251).
-129
Let w(l) = -7*l**2 - 490*l - 6027. What is w(-16)?
21
Let p(s) = s**2 + 34752*s - 904215. Calculate p(26).
13
Let g(l) = -2*l**3 - 32*l**2 - 46*l - 323. Give g(-16).
413
Let b(y) = 3*y**2 + 199*y + 1497. Determine b(-9).
-51
Let a(b) = -2*b**2 + 14788*b - 952830. Determine a(65).
-60
Let b(g) = -g**2 + 272*g - 14746. Calculate b(74).
-94
Let o(q) = -1310*q + 29272. Calculate o(23).
-858
Let l(q) = 1005*q - 3021. Calculate l(3).
-6
Let q(g) = 19*g**2 - 1347*g + 6. Calculate q(70).
-1184
Let r(s) = -207*s**3 + 2*s**2 + 282*s - 559. What is r(2)?
-1643
Let q(f) = f**3 - 53*f**2 + 408*f + 598. Calculate q(11).
4
Let b(n) = n**2 - 418*n - 73263. Calculate b(-133).
20
Let i(t) = 4*t**3 + 442*t**2 + 4738*t + 77. Determine i(-12).
-43
Let l(i) = -7567*i + 98919. What is l(13)?
548
Let k(n) = -730*n - 141351. Give k(-193).
-461
Let j(l) = 3259*l**2 - 6622*l + 199. Give j(2).
-9
Let k(i) = -601*i**2 + 74515*i + 1106. Give k(124).
-10
Let n(w) = 174*w - 7575. Determine n(44).
81
Let i(l) = 721*l**2 - 93732*l + 243. Give i(130).
-17
Let y(c) = -3*c**2 - 3693*c - 51186. Calculate y(-14).
-72
Let g(t) = 159*t - 3673. What is g(34)?
1733
Let l(c) = -11031*c - 99286. What is l(-9)?
-7
Let c(n) = n**2 + 50*n - 52740. Calculate c(206).
-4
Let h(u) = -7*u**2 - 1939*u - 35. Determine h(-277).
-35
Let r(z) = 47901*z + 335356. Give r(-7).
49
Let k(j) = -2*j**2 - 232*j - 3215. Determine k(-16).
-15
Let g(b) = 171733*b**2 + 5323723*b + 12. What is g(-31)?
12
Let w(h) = h**3 - 411*h**2 + 31288*h + 6819. Determine w(310).
-1
Let p(t) = -86*t**2 - 445*t - 521. Calculate p(-3).
40
Let v(c) = -87*c**2 + 1607*c + 830. What is v(19)?
-44
Let z(j) = 270*j**2 + 6532*j + 1241. Calculate z(-24).
-7
Let n(w) = -2*w**2 - 11792*w - 281914. What is n(-24)?
-58
Let p(b) = -3*b**2 + 950*b + 42456. Determine p(-40).
-344
Let g(h) = -8*h**3 - 515*h**2 + 353*h + 809. Determine g(-65).
-1011
Let f(i) = 2*i**2 - 197*i + 4191. Calculate f(65).
-164
Let z(d) = 9*d**2 + 2650*d - 253380. Give z(76).
4
Let x(z) = z**3 - 94*z**2 + 1511*z - 3393. What is x(17)?
41
Let w(n) = -1990*n + 143010. What is w(72)?
-270
Let m(d) = 2*d**3 - 386*d**2 + 309*d + 14277. Determine m(192).
-123
Let f(a) = -3074*a + 107494. Calculate f(35).
-96
Let i(u) = u**3 - 380*u**2 - 720*u - 16687. Determine i(382).
121
Let q(a) = -1954*a + 12351. Determine q(6).
627
Let y(v) = -217*v + 23947. Calculate y(125).
-3178
Let p(s) = -3*s**2 + 2164*s + 44470. Determine p(-20).
-10
Let w(y) = 20*y**2 - 121*y - 536. Give w(-4).
268
Let w(s) = -3*s**2 + 53*s - 344. Determine w(23).
-712
Let j(i) = i**2 - 908*i + 166522. Calculate j(255).
7
Let l(j) = 5*j**2 + 43*j - 2549. Calculate l(-27).
-65
Let v(k) = -2*k**3 + 171*k**2 + 1207*k - 616. Calculate v(-7).
0
Let o(k) = -16*k**3 - 4*k**2 - 34010*k + 34013. Determine o(1).
-17
Let k(v) = v**3 - 44*v**2 + 469*v - 3336. Calculate k(33).
162
Let p(t) = t**3 + 176*t**2 - 446*t - 47619. Calculate p(-177).
-6
Let k(y) = 3*y**3 - 126*y**2 - 75*y + 3127. Determine k(42).
-23
Let y(z) = -12639*z + 49967. Give y(4).
-589
Let f(t) = 35*t**2 + 1177*t - 3004. Calculate f(-36).
-16
Let l(a) = -a**2 + 476*a - 44167. Give l(353).
-748
Let m(k) = 10*k**2 + 41*k - 657. Calculate m(-15).
978
Let j(r) = 179615*r + 718463. What is j(-4)?
3
Let h(t) = -8*t**3 - 32*t**2 - 805*t - 3211. Give h(-4).
9
Let n(y) = 7*y**2 - 554*y + 58. Determine n(79).
-21
Let f(j) = -j**2 - 775*j + 69296. What is f(81)?
-40
Let h(u) = 15*u**3 + 106*u**2 + 23*u + 79. Determine h(-7).
-33
Let y(l) = 3193*l + 60555. What is y(-19)?
-112
Let s(z) = 359*z - 22774. Give s(63).
-157
Let h(z) = 7*z**2 - 8*z - 407. What is h(8)?
-23
Let y(v) = v**3 + 48*v**2 + 158*v + 1074. Give y(-45).
39
Let r(y) = -12*y**3 - 26*y**2 + 104*y + 695. What is r(-7)?
2809
Let x(l) = 80*l - 56. Calculate x(-14).
-1176
Let d(a) = -a**3 - a**2 + 450*a + 1491. Determine d(22).
259
Let j(g) = 72*g**2 + 5132*g - 5187. Give j(1).
17
Let j(u) = 327871*u + 2950843. What is j(-9)?
4
Let r(h) = 1186*h + 476701. Give r(-402).
-71
Let f(s) = -8*s**2 + 1441*s - 39. Calculate f(180).
141
Let u(n) = n**2 - 691*n + 5896. Give u(9).
-242
Let w(p) = 2850*p + 2896. Calculate w(-1).
46
Let k(s) = 323*s**3 + s**2 - 70*s - 69. Give k(-1).
-321
Let k(r) = -40*r**2 - 1490*r + 867. Give k(-38).
-273
Let n(v) = 148*v**3 + 443*v**2 - 16*v - 42. Give n(-3).
-3
Let u(k) = 2*k**3 - 39*k**2 + 1333*k - 19555. What is u(16)?
-19
Let m(g) = -g**3 - 9*g**2 - g - 161. Give m(-12).
283
Let p(z) = 24*z**2 - 211*z - 58. Calculate p(8).
-210
Let d(r) = -r**3 + 314*r**2 + 94*r + 69597. Give d(315).
-18
Let w(h) = -19*h**2 + 1190*h + 400. Calculate w(63).
-41
Let r(v) = 3*v**3 - 9*v**2 + 9*v + 75. Calculate r(4).
159
Let j(a) = -a**3 - 586*a**2 - 12552*a - 81213. Determine j(-564).
3
Let j(h) = -4826*h + 12734. Calculate j(3).
-1744
Let i(s) = -159*s**2 + 1897*s + 133. What is i(12)?
1
Let i(u) = -u**3 - 11*u**2 - 1539*u - 12111. What is i(-8)?
9
Let q(i) = -2*i**3 - 12*i**2 + 90*i - 614. Give q(6).
-938
Let x(u) = 31*u**2 + 7946*u + 269998. Give x(-216).
-2
Let c(t) = -112101*t - 673169. Calculate c(-6).
-563
Let g(w) = -3*w**3 - 2905*w**2 + 107428*w. What is g(-1004)?
0
Let u(g) = 5*g**3 - g**2 + 4803*g - 9597. What is u(2)?
45
Let f(m) = -m**3 - 315*m**2 - 654*m + 370809. Calculate f(-309).
9
Let x(m) = -m**3 + 7*m**2 + 101*m + 322. What is x(-13)?
2389
Let v(q) = -26*q**2 + 2059*q + 1514. Determine v(80).
-166
Let y(v) = v**3 - 6*v**2 - 4399*v + 26395. What is y(6)?
1
Let b(n) = 82334*n - 576399. Calculate b(7).
-61
Let k(g) = -3*g**2 + 82*g - 467. Calculate k(10).
53
Let a(h) = -4*h**2 - 1267*h - 48708. Determine a(-272).
-20
Let l(w) = -w**3 - 294*w**2 + 2688*w - 11855. What is l(-303)?
-38
Let w(k) = -k**3 + 18*k**2 - 2*k + 11. Calculate w(-8).
1691
Let n(m) = -m**2 - 90*m + 27564. Give n(127).
5
Let h(s) = 545*s - 43469. Calculate h(78).
-959
Let a(w) = -634833*w - 33011308. Determine a(-52).
8
Let h(b) = -3*b**3 - 282*b**2 - 3*b - 298. Determine h(-94).
-16
Let d(o) = 3691*o - 30026. Give d(8).
-498
Let l(k) = -2*k**3 + 96*k**2 - 628*k - 13740. What is l(29)?
6
Let v(i) = 9*i**3 - 2*i**2 - 4*i + 67. What is v(-5)?
-1088
Let s(j) = -1582*j + 41057. Give s(26).
-75
Let j(d) = -d**3 - 12*d**2 + 8288*d + 91183. Calculate j(-11).
-106
Let v(h) = -90*h**3 + 2*h**2 + 705*h - 706. Give v(1).
-89
Let w(h) = -h**3 +